t j be (-1 - -2)/(1/(-16)). What are the prime factors of q(j)?
67
Suppose 2*h = 8, -5*x = 28*h - 32*h + 1. Suppose -483 = -x*z + 2529. What are the prime factors of z?
2, 251
Let c(u) = -u**2 + 10*u - 4. Let v be c(9). Suppose 5*r = -v*r + 120. Suppose 0 = -16*a + r*a + 484. What are the prime factors of a?
11
Let n = -16 + 18. Suppose -3*x + 2*a + 0*a + 16 = 0, 2*x = n*a + 14. Suppose 0 = -2*s - 4*r + 186, -x*s + 2*r = -0*r - 198. List the prime factors of s.
97
Let k = 113 + -80. Suppose 560*c + 37 = 561*c. Suppose 0 = -2*m + c + k. What are the prime factors of m?
5, 7
What are the prime factors of (17 - 0)/((-10)/((-53160)/26582) - 5)?
2, 3, 17, 443
Let a = -3832 - -13671. What are the prime factors of a?
9839
Let o(h) = -h**2 + 27*h + 64. Suppose -8 = 4*s, -s - s = 5*w - 131. List the prime factors of o(w).
2
What are the prime factors of 357/255 + 13008/5?
19, 137
Let h be (-2)/7 - 222/(-42). Suppose -5*l = -5*y - 385, 2*y - 363 = -h*l - 6. List the prime factors of l.
73
Let m be (176/132)/((-8)/(-30)). List the prime factors of (-726)/(-55) + -13 + 4719/m.
2, 59
What are the prime factors of -19 + 24 + (-57028)/(-4)?
2, 3, 2377
Let g(y) = -y**3 + 16*y**2 - 2. Let a be g(16). Let c be (-2)/(((3 + 5)/a)/(-10)). What are the prime factors of (1 - -21) + 1 + c?
2, 3
List the prime factors of 5439/((3/(-4))/(26/(-52))).
2, 7, 37
Suppose 8366175 = -59*c + 230*c. List the prime factors of c.
5, 19, 103
Suppose -3*w - 8087 = -4*a + 2*w, 5*a = -4*w + 10160. List the prime factors of a.
2, 3, 13
Let z(m) = 2*m**2 - 34*m + 3. Let v be z(17). Suppose 0 = -c - 5*k + 89, -v*k - 92 - 34 = -2*c. What are the prime factors of c?
3, 23
Let d(h) = -57 - 2*h + 49 + 48*h**2 + 65 + 25*h + 47*h**2. What are the prime factors of d(-3)?
3, 281
Let i = -20298 + 47596. What are the prime factors of i?
2, 13649
Let v(a) = -a. Let h be v(0). Suppose 4*s + 2*s - 7*s = h. Suppose s = -10*q + 15*q - 450. List the prime factors of q.
2, 3, 5
Suppose 24*x - 107345 - 318823 = 0. List the prime factors of x.
3, 1973
Suppose w = -5*z + 8840, -3*w - 6*z + 26507 = -4*z. Suppose -27*m = -8*m - w. Let g = m + -256. List the prime factors of g.
11, 19
Let n = -795 - -1204. Suppose 3*u - 4*t = n + 630, -5*t = -3*u + 1037. What are the prime factors of u?
349
Suppose 4*p + 6044 = 16*t - 13*t, 6*t = -4*p + 12136. What are the prime factors of t?
2, 5, 101
Let y(g) be the third derivative of -23*g**7/5040 - g**6/80 - 2*g**5/15 - 11*g**2. Let x(j) be the third derivative of y(j). List the prime factors of x(-3).
2, 3, 5
Suppose 3*k - 3*d - 174 = 0, 3*k - 5*d - 168 = -0*k. Let y = -70 + k. List the prime factors of y/12 + (-118)/(-8).
2, 7
Let p(l) = -291*l - 2205. What are the prime factors of p(-10)?
3, 5, 47
Let w be 1 - (-12 + 2)/(-5). Let i be ((-175)/(-14))/(w/(-2)). What are the prime factors of (3 + (-885)/i)*-5?
2, 3
Let r(u) = -2*u - 26. Let q = -18 + 4. Let a be r(q). Suppose a*i + 3*w - 44 = 0, -2*i + 42 = -3*w + 5*w. What are the prime factors of i?
19
Suppose -3*d + 237 = -1284. Suppose 0 = -10*y + d + 1343. List the prime factors of y.
5, 37
Let r be 2/12 + 133/(-42) + 5. Suppose -r*f - 4*d = -7*d - 1050, -2110 = -4*f + d. List the prime factors of f.
2, 3, 11
Suppose -31*k = 53*k - 450*k + 14474202. What are the prime factors of k?
71, 557
Suppose 4*c = 5*c - 2*c. Suppose c = -2*s + 571 + 1683. List the prime factors of s.
7, 23
Let y = -12 - -16. Suppose 0 = y*o - 2*x + 1818, -5*o - x - 3*x = 2305. Let k = -244 - o. List the prime factors of k.
3, 71
Let y be (-631)/(-3) + 1 - 14/(-21). Suppose -y*p + 219*p - 1722 = 0. What are the prime factors of p?
2, 3, 41
Suppose 28*c + 45496 = 30*c. What are the prime factors of c?
2, 11, 47
Let n(s) = 2*s - 83. Let r be n(0). Let z = 43 + -111. Let p = z - r. What are the prime factors of p?
3, 5
Let l(c) = 5*c**2 - 2*c - 1. Suppose 5*u + 278 = -3*z, 2*u - 2*z = z - 107. Let g = u + 59. List the prime factors of l(g).
71
Let x = 119 + -113. What are the prime factors of (170/(-15))/(x/(-126))?
2, 7, 17
List the prime factors of 42301 + (2/(-12)*6 - -8).
2, 7, 1511
Suppose 3*o = -5*q + 26, -6*q = -5*q + 2*o - 8. Suppose 0 = q*f - 12, -3*h + 393 = -4*f - 483. List the prime factors of h.
2, 37
Let i be (-4)/(8/(-6)*12/24). Suppose -17*h + 4609 = -i*h. What are the prime factors of h?
419
Suppose -24*u = 35*u - 477133. List the prime factors of u.
8087
Let d be ((-6)/(-3) + -1)*0. Suppose -79*h - 237 = -80*h. Suppose d = -2*z - z + h. What are the prime factors of z?
79
Let g be (0 - 2) + -552*26/(-4). Suppose 4*z + 858 = g. List the prime factors of z.
2, 11, 31
Suppose l + 45674 = 9*o, -14*o + 25373 = -9*o - 2*l. List the prime factors of o.
5, 7, 29
Let y(h) = -15*h - 4. Let f be 29 + -25 - 2*1. Let g be y(f). Let i = -23 - g. What are the prime factors of i?
11
Let q(v) = 40*v + 841. What are the prime factors of q(103)?
11, 41
Let z(y) = 72*y**3 - 10*y**2 + 23*y - 249. List the prime factors of z(8).
3, 17, 709
Let r = 164334 - 103683. List the prime factors of r.
3, 23, 293
Let z be (-40)/20 - 21*(-1 + -1). Let p = 313 + z. List the prime factors of p.
353
Suppose 11*m = 7*m - 4. Let s be ((-6)/(-5))/(m/(-6 + 11)). List the prime factors of 2/(s/909*-3).
101
Let k = 60 - 49. Suppose -k*c - 87 = -10*c. Let y = 132 - c. What are the prime factors of y?
3, 73
Let a = -5 + 3. What are the prime factors of (-94 + 29)/(a/6)?
3, 5, 13
Suppose -42907 = -q - 3*b, b + 40342 = q - 2553. List the prime factors of q.
2, 89, 241
List the prime factors of 137990*24/80 - -19.
2, 31, 167
Suppose -15*w - 975 = -0*w. What are the prime factors of w*(8 + -19 + 6)?
5, 13
List the prime factors of 24/((-1 - -1) + (-9 - (-185775)/20640)).
2, 3, 43
Suppose -274*d + 10851780 = 66*d. What are the prime factors of d?
3, 10639
Let m be (-7)/((30/6)/5). What are the prime factors of (3891/(-9))/(m - 60/(-9))?
1297
Suppose 41*c - 33*c - 583096 = 0. List the prime factors of c.
23, 3169
Suppose -66*y = -64*y - 42. Suppose -3*g - 2*r = -2420, -4*g + 19*r + 3226 = y*r. List the prime factors of g.
2, 13, 31
Suppose -n - 4*m = -1098, 3*m = 7*n - 5*n - 2240. Let v = -603 + n. What are the prime factors of v?
7, 73
Let b(s) = s**3 - 7*s**2 - 7*s - 6. Let d be b(8). Suppose 0 = -d*y - 151 + 55. What are the prime factors of (44/16)/(2*(-2)/y)?
3, 11
Let d(r) = -r**2 + 15*r + 32. Let s be d(16). Suppose s*n - 10336 = -3*n. List the prime factors of n.
2, 17
Suppose -3*x + 0*b = 2*b - 1122, 1113 = 3*x - b. Let c = 584 - x. Suppose 2*p = -2*r - 37 + 429, c = p + 5*r. What are the prime factors of p?
2, 3
Let d(k) = 7*k**2 + 24*k - 2. Let j be d(-16). Let s = -450 + j. What are the prime factors of s?
2, 239
Suppose -83*u + 24 = -77*u. Suppose 2*j - 993 = q, 0 = -5*j - 0*q + u*q + 2487. List the prime factors of j.
3, 5, 11
Let v = 45735 - 2744. What are the prime factors of v?
13, 3307
Let k be (2032/32)/((15/(-18))/5). Let n = k - -689. List the prime factors of n.
2, 7, 11
Let t = 7400 + -3184. What are the prime factors of t?
2, 17, 31
Let x(z) = 8*z**3 - 42*z**2 + 15*z - 11. Let a(h) = -13*h - 59. Let u be a(-5). What are the prime factors of x(u)?
5, 59
Let b(q) = 1028*q**2 - 478*q + 2908. List the prime factors of b(6).
2, 11, 421
Suppose 5*k = -2*t + 31834, -17*t - k - 31786 = -19*t. What are the prime factors of t?
3, 7, 757
Let c(o) = 274*o**2 - 6*o - 6. Suppose -y + 13 = -2*l - 4*y, 4*l - 3*y = 1. List the prime factors of c(l).
2, 19, 29
What are the prime factors of -30*22/132 + 7204?
23, 313
Let g(f) = 5*f**3 - 15*f**2 + 15*f + 16. Let p be g(7). Let k = -483 + p. List the prime factors of k.
2, 3, 103
What are the prime factors of 126264731/3085 + (-2)/(-5)?
3, 7, 1949
Let w = 8660 - 209. List the prime factors of w.
3, 313
Let y be (3/2)/(-3 - (-66)/20). Let w be 1 - 0 - (1 - y). Suppose -w*j + 12*j - 168 = 0. What are the prime factors of j?
2, 3
Let t = 486 + -483. Suppose t*i + 18*z = 13*z + 4591, -3*i = -4*z - 4573. List the prime factors of i.
3, 509
Let d = -472 - -472. Suppose -2*v = -5*l - 1605, d = 2*v + 5*l - 7*l - 1620. List the prime factors of v.
5, 163
Let j(w) = -2*w**2 - 3*w + 11. Let l be j(2). List the prime factors of -4 + (l - -2) + 85.
2, 5
Suppose 525089 + 1079575 = 49*w + 329341. List the prime factors of w.
17, 1531
L